{"id":240,"date":"2012-03-20T06:00:13","date_gmt":"2012-03-20T06:00:13","guid":{"rendered":"http:\/\/drk.hgdrn.de\/?page_id=240"},"modified":"2020-09-03T17:28:17","modified_gmt":"2020-09-03T15:28:17","slug":"stupido","status":"publish","type":"page","link":"https:\/\/www.dirk-hagedorn.de\/?page_id=240","title":{"rendered":"STupido"},"content":{"rendered":"<p>&nbsp;<\/p>\n<table border=\"0\" cellspacing=\"0\" cellpadding=\"0\">\n<tbody>\n<tr style=\"background: #ccc;\">\n<td><strong>Programm:<\/strong><\/td>\n<td>STupido<\/td>\n<\/tr>\n<tr>\n<td><strong>Version:<\/strong><\/td>\n<td>0.9 (3. Dezember 1995)<\/td>\n<\/tr>\n<tr>\n<td><strong>Lizenz:<\/strong><\/td>\n<td>Freeware<\/td>\n<\/tr>\n<tr>\n<td valign=\"top\"><strong>Beschreibung:<\/strong><\/td>\n<td>STupido ist ein Freeware-Programm zum Erlernen des 10-Fingersystems. Wer immer noch langsam im Adler-Such-System \u00fcber seine Tastatur wandert, der sollte sich einmal ein wenig Zeit nehmen und STupido n\u00e4her inspizieren. Vielleicht kann es Ihnen helfen, alle Ihre Finger zum sicheren und schnellen Tippen zu benutzen. STupido bietet die M\u00f6glichkeit, einzelne Buchstaben, h\u00e4ufige W\u00f6rter, kurze S\u00e4tze oder ganze \u00dcbungstexte abzutippen. Im Hintergrund wird laufend protokolliert, wieviele und welche Fehler Sie gemacht haben oder wie schnell Sie die \u00dcbungen erledigt haben. Von STupido existieren Versionen f\u00fcr deutsche und schweizerische Tastaturlayouts, welche sich beide im Download-Archiv befinden.<\/td>\n<\/tr>\n<tr>\n<td><strong>Sprache:<\/strong><\/td>\n<td>Deutsch<\/td>\n<\/tr>\n<tr>\n<td><strong>Download:<\/strong><\/td>\n<td><a title=\"Download\" href=\"\/pub\/tos\/stupid09.zip\">stupid09.zip<\/a> (180.779 Bytes)<\/td>\n<\/tr>\n<tr>\n<td valign=\"top\"><strong>Bildschirmfotos:<\/strong><\/td>\n<td><img loading=\"lazy\" decoding=\"async\" class=\"alignnone\" src=\"\/static\/atari\/stupido-screen.gif\" alt=\"\" width=\"430\" height=\"267\" \/><\/td>\n<\/tr>\n<\/tbody>\n<\/table>\n","protected":false},"excerpt":{"rendered":"<p>&nbsp; Programm: STupido Version: 0.9 (3. Dezember 1995) Lizenz: Freeware Beschreibung: STupido ist ein Freeware-Programm zum Erlernen des 10-Fingersystems. Wer immer noch langsam im Adler-Such-System \u00fcber seine Tastatur wandert, der sollte sich einmal ein wenig Zeit nehmen und STupido n\u00e4her inspizieren. Vielleicht kann es Ihnen helfen, alle Ihre Finger zum sicheren und schnellen Tippen zu <a class=\"more-link\" href=\"https:\/\/www.dirk-hagedorn.de\/?page_id=240\">Weiterlesen\u00a0\u2026<\/a><\/p>\n","protected":false},"author":1,"featured_media":0,"parent":13,"menu_order":120,"comment_status":"open","ping_status":"open","template":"","meta":{"footnotes":""},"class_list":["post-240","page","type-page","status-publish","hentry"],"_links":{"self":[{"href":"https:\/\/www.dirk-hagedorn.de\/index.php?rest_route=\/wp\/v2\/pages\/240","targetHints":{"allow":["GET"]}}],"collection":[{"href":"https:\/\/www.dirk-hagedorn.de\/index.php?rest_route=\/wp\/v2\/pages"}],"about":[{"href":"https:\/\/www.dirk-hagedorn.de\/index.php?rest_route=\/wp\/v2\/types\/page"}],"author":[{"embeddable":true,"href":"https:\/\/www.dirk-hagedorn.de\/index.php?rest_route=\/wp\/v2\/users\/1"}],"replies":[{"embeddable":true,"href":"https:\/\/www.dirk-hagedorn.de\/index.php?rest_route=%2Fwp%2Fv2%2Fcomments&post=240"}],"version-history":[{"count":6,"href":"https:\/\/www.dirk-hagedorn.de\/index.php?rest_route=\/wp\/v2\/pages\/240\/revisions"}],"predecessor-version":[{"id":1885,"href":"https:\/\/www.dirk-hagedorn.de\/index.php?rest_route=\/wp\/v2\/pages\/240\/revisions\/1885"}],"up":[{"embeddable":true,"href":"https:\/\/www.dirk-hagedorn.de\/index.php?rest_route=\/wp\/v2\/pages\/13"}],"wp:attachment":[{"href":"https:\/\/www.dirk-hagedorn.de\/index.php?rest_route=%2Fwp%2Fv2%2Fmedia&parent=240"}],"curies":[{"name":"wp","href":"https:\/\/api.w.org\/{rel}","templated":true}]}}