{"id":220,"date":"2012-03-20T05:56:18","date_gmt":"2012-03-20T05:56:18","guid":{"rendered":"http:\/\/drk.hgdrn.de\/?page_id=220"},"modified":"2020-09-03T17:23:23","modified_gmt":"2020-09-03T15:23:23","slug":"dont-worry-be-happy","status":"publish","type":"page","link":"https:\/\/www.dirk-hagedorn.de\/?page_id=220","title":{"rendered":"Don&#8217;t worry, be happy"},"content":{"rendered":"<p>&nbsp;<\/p>\n<table border=\"0\" cellspacing=\"0\" cellpadding=\"0\">\n<tbody>\n<tr style=\"background: #ccc;\">\n<td><strong>Programm:<\/strong><\/td>\n<td>Don&#8217;t worry, be happy (Play it again, GEM!)<\/td>\n<\/tr>\n<tr>\n<td><strong>Version:<\/strong><\/td>\n<td>2.0 (11. April 1996)<\/td>\n<\/tr>\n<tr>\n<td><strong>Lizenz:<\/strong><\/td>\n<td>Freeware<\/td>\n<\/tr>\n<tr>\n<td valign=\"top\"><strong>Beschreibung:<\/strong><\/td>\n<td>Don&#8217;t worry, be happy (kurz: DWBH) ist eine GEM-Version des bekannten W\u00fcrfelspiels &#8218;Mensch, \u00e4rgere Dich nicht&#8216;. Bei DWBH k\u00f6nnen Sie und bis zu drei weitere Mitspieler versuchen, Ihre Spielfiguren als erster ins Ziel zu w\u00fcrfeln. Die Mitspieler k\u00f6nnen wahlweise auch vom Computer \u00fcbernommen werden, wobei die Auswahl zwischen 4 verschiedenen Gegnertypen (und damit Schwierigkeitsgraden) besteht. Die Farben bzw. Muster der Spielfiguren sind frei konfigurierbar. W\u00e4hrend des Spiels werden Punkte vergeben und der Sieger kann sich bei entsprechender Punktzahl in einer Bestenliste verewigen.<\/td>\n<\/tr>\n<tr>\n<td><strong>Registrierung:<\/strong><\/td>\n<td>Das vorliegende Archiv enth\u00e4lt noch die eingeschr\u00e4nkte Shareware-Version. Um die Einschr\u00e4nkungen aufzuheben, geben Sie bitte folgende Registrierungsdaten ohne Anf\u00fchrungszeichen ein:<\/p>\n<table>\n<tr>\n<td>Name:<\/td>\n<td>&#8222;Dirk Hagedorn&#8220;<\/td>\n<\/tr>\n<tr>\n<td>Stra\u00dfe:<\/td>\n<td>&#8222;www.dirk-hagedorn.de&#8220;<\/td>\n<\/tr>\n<tr>\n<td>Ort:<\/td>\n<td>&#8222;info@dirk-hagedorn.de&#8220;<\/td>\n<\/tr>\n<tr>\n<td>Schl\u00fcssel:<\/td>\n<td>&#8222;17DCQ824R64F1C89&#8220;<\/td>\n<\/tr>\n<\/table>\n<\/td>\n<\/tr>\n<tr>\n<td><strong>Sprache:<\/strong><\/td>\n<td>Deutsch<\/td>\n<\/tr>\n<tr>\n<td><strong>Download:<\/strong><\/td>\n<td><a title=\"Download\" href=\"\/pub\/tos\/dwbh20.zip\">dwbh20.zip<\/a> (113.313 Bytes)<\/td>\n<\/tr>\n<tr>\n<td valign=\"top\"><strong>Bildschirmfotos:<\/strong><\/td>\n<td><img loading=\"lazy\" decoding=\"async\" class=\"alignnone\" src=\"\/static\/atari\/dwbh-screen.gif\" alt=\"\" width=\"390\" height=\"339\" \/><\/td>\n<\/tr>\n<\/tbody>\n<\/table>\n","protected":false},"excerpt":{"rendered":"<p>&nbsp; Programm: Don&#8217;t worry, be happy (Play it again, GEM!) Version: 2.0 (11. April 1996) Lizenz: Freeware Beschreibung: Don&#8217;t worry, be happy (kurz: DWBH) ist eine GEM-Version des bekannten W\u00fcrfelspiels &#8218;Mensch, \u00e4rgere Dich nicht&#8216;. Bei DWBH k\u00f6nnen Sie und bis zu drei weitere Mitspieler versuchen, Ihre Spielfiguren als erster ins Ziel zu w\u00fcrfeln. Die Mitspieler <a class=\"more-link\" href=\"https:\/\/www.dirk-hagedorn.de\/?page_id=220\">Weiterlesen\u00a0\u2026<\/a><\/p>\n","protected":false},"author":1,"featured_media":0,"parent":13,"menu_order":20,"comment_status":"open","ping_status":"open","template":"","meta":{"footnotes":""},"class_list":["post-220","page","type-page","status-publish","hentry"],"_links":{"self":[{"href":"https:\/\/www.dirk-hagedorn.de\/index.php?rest_route=\/wp\/v2\/pages\/220","targetHints":{"allow":["GET"]}}],"collection":[{"href":"https:\/\/www.dirk-hagedorn.de\/index.php?rest_route=\/wp\/v2\/pages"}],"about":[{"href":"https:\/\/www.dirk-hagedorn.de\/index.php?rest_route=\/wp\/v2\/types\/page"}],"author":[{"embeddable":true,"href":"https:\/\/www.dirk-hagedorn.de\/index.php?rest_route=\/wp\/v2\/users\/1"}],"replies":[{"embeddable":true,"href":"https:\/\/www.dirk-hagedorn.de\/index.php?rest_route=%2Fwp%2Fv2%2Fcomments&post=220"}],"version-history":[{"count":8,"href":"https:\/\/www.dirk-hagedorn.de\/index.php?rest_route=\/wp\/v2\/pages\/220\/revisions"}],"predecessor-version":[{"id":1869,"href":"https:\/\/www.dirk-hagedorn.de\/index.php?rest_route=\/wp\/v2\/pages\/220\/revisions\/1869"}],"up":[{"embeddable":true,"href":"https:\/\/www.dirk-hagedorn.de\/index.php?rest_route=\/wp\/v2\/pages\/13"}],"wp:attachment":[{"href":"https:\/\/www.dirk-hagedorn.de\/index.php?rest_route=%2Fwp%2Fv2%2Fmedia&parent=220"}],"curies":[{"name":"wp","href":"https:\/\/api.w.org\/{rel}","templated":true}]}}