{"id":157,"date":"2012-03-19T15:15:40","date_gmt":"2012-03-19T15:15:40","guid":{"rendered":"http:\/\/drk.hgdrn.de\/?page_id=157"},"modified":"2020-09-03T17:30:10","modified_gmt":"2020-09-03T15:30:10","slug":"udo-shell-32","status":"publish","type":"page","link":"https:\/\/www.dirk-hagedorn.de\/?page_id=157","title":{"rendered":"UDO-Shell 32"},"content":{"rendered":"<p>&nbsp;<\/p>\n<table border=\"0\" cellspacing=\"0\" cellpadding=\"0\">\n<tbody>\n<tr style=\"background: #ccc;\">\n<td><strong>Programm:<\/strong><\/td>\n<td>UDO-Shell 32<\/td>\n<\/tr>\n<tr>\n<td><strong>Version:<\/strong><\/td>\n<td>1.04 (10.07.1999)<\/td>\n<\/tr>\n<tr>\n<td><strong>Lizenz:<\/strong><\/td>\n<td>Freeware<\/td>\n<\/tr>\n<tr>\n<td><strong>Sourcecode:<\/strong><\/td>\n<td>Visual C++ 4.0<\/td>\n<\/tr>\n<tr>\n<td valign=\"top\"><strong>Beschreibung:<\/strong><\/td>\n<td>Eine kleine, aber feine Windows-Shell zum Aufruf von UDO und allen ben\u00f6tigten Hilfsprogrammen wie Editor, Hypertext-Compiler, HTML-Browser oder DVI-Viewer. Auf den ersten Blick ziemlich kompliziert, nach kurzer Eingew\u00f6hnungzeit eine unsch\u00e4tzbare Hilfe bei der t\u00e4glichen Arbeit mit UDO.<\/td>\n<\/tr>\n<tr>\n<td><strong>Sprache:<\/strong><\/td>\n<td>Deutsch<\/td>\n<\/tr>\n<tr>\n<td><strong>Download:<\/strong><\/td>\n<td><a title=\"Download\" href=\"\/pub\/win32\/udosh32-104.zip\">udosh32-104.zip<\/a> (107.404 Bytes)<\/td>\n<\/tr>\n<tr>\n<td valign=\"top\"><strong>Bildschirmfotos:<\/strong><\/td>\n<td><a href=\"\/static\/windows\/udosh32-screen.gif\"><img loading=\"lazy\" decoding=\"async\" class=\"alignnone\" src=\"\/static\/windows\/udosh32-thumb.gif\" alt=\"\" width=\"271\" height=\"176\" \/><\/a><\/td>\n<\/tr>\n<tr>\n<td><strong>Hinweis:<\/strong><\/td>\n<td>F\u00fcr 16-Bit-Systeme steht die <a href=\"\/?page_id=159\" title=\"UDO-Shell 16\">UDO-Shell 16<\/a> zur Verf\u00fcgung.<\/td>\n<\/tr>\n<\/tbody>\n<\/table>\n","protected":false},"excerpt":{"rendered":"<p>&nbsp; Programm: UDO-Shell 32 Version: 1.04 (10.07.1999) Lizenz: Freeware Sourcecode: Visual C++ 4.0 Beschreibung: Eine kleine, aber feine Windows-Shell zum Aufruf von UDO und allen ben\u00f6tigten Hilfsprogrammen wie Editor, Hypertext-Compiler, HTML-Browser oder DVI-Viewer. Auf den ersten Blick ziemlich kompliziert, nach kurzer Eingew\u00f6hnungzeit eine unsch\u00e4tzbare Hilfe bei der t\u00e4glichen Arbeit mit UDO. Sprache: Deutsch Download: udosh32-104.zip <a class=\"more-link\" href=\"https:\/\/www.dirk-hagedorn.de\/?page_id=157\">Weiterlesen\u00a0\u2026<\/a><\/p>\n","protected":false},"author":1,"featured_media":0,"parent":9,"menu_order":50,"comment_status":"open","ping_status":"open","template":"","meta":{"footnotes":""},"class_list":["post-157","page","type-page","status-publish","hentry"],"_links":{"self":[{"href":"https:\/\/www.dirk-hagedorn.de\/index.php?rest_route=\/wp\/v2\/pages\/157","targetHints":{"allow":["GET"]}}],"collection":[{"href":"https:\/\/www.dirk-hagedorn.de\/index.php?rest_route=\/wp\/v2\/pages"}],"about":[{"href":"https:\/\/www.dirk-hagedorn.de\/index.php?rest_route=\/wp\/v2\/types\/page"}],"author":[{"embeddable":true,"href":"https:\/\/www.dirk-hagedorn.de\/index.php?rest_route=\/wp\/v2\/users\/1"}],"replies":[{"embeddable":true,"href":"https:\/\/www.dirk-hagedorn.de\/index.php?rest_route=%2Fwp%2Fv2%2Fcomments&post=157"}],"version-history":[{"count":7,"href":"https:\/\/www.dirk-hagedorn.de\/index.php?rest_route=\/wp\/v2\/pages\/157\/revisions"}],"predecessor-version":[{"id":1894,"href":"https:\/\/www.dirk-hagedorn.de\/index.php?rest_route=\/wp\/v2\/pages\/157\/revisions\/1894"}],"up":[{"embeddable":true,"href":"https:\/\/www.dirk-hagedorn.de\/index.php?rest_route=\/wp\/v2\/pages\/9"}],"wp:attachment":[{"href":"https:\/\/www.dirk-hagedorn.de\/index.php?rest_route=%2Fwp%2Fv2%2Fmedia&parent=157"}],"curies":[{"name":"wp","href":"https:\/\/api.w.org\/{rel}","templated":true}]}}