{"id":13,"date":"2012-03-17T16:15:09","date_gmt":"2012-03-17T15:15:09","guid":{"rendered":"http:\/\/drk.hgdrn.de\/?page_id=13"},"modified":"2024-01-04T11:05:56","modified_gmt":"2024-01-04T10:05:56","slug":"atari","status":"publish","type":"page","link":"https:\/\/www.dirk-hagedorn.de\/?page_id=13","title":{"rendered":"Atari"},"content":{"rendered":"<p>Bei Gelegenheit werde ich an dieser mal ein paar Anekdoten aus meiner Zeit als Atarianer erz\u00e4hlen. Ich denke, da wird sich einiges finden&#8230;<\/p>\n<p>Interessanterweise habe ich wohl noch einige Kleinigkeiten fr\u00fcher programmiert und die in der Offline-\u00c4ra vor MausNet und Internet sogar an diverse Magazine geschickt. Hier bei <a href=\"https:\/\/atariuptodate.de\/de\/authors\/dirk-hagedorn-1012\/\" rel=\"noopener\" target=\"_blank\">AtariUpToDate<\/a> werden diese Progr\u00e4mmchen gelistet, an die ich mich nur noch ganz schwach erinnern kann: <a href=\"https:\/\/atariuptodate.de\/de\/authors\/dirk-hagedorn-1012\/\" rel=\"noopener\" target=\"_blank\">https:\/\/atariuptodate.de\/de\/authors\/dirk-hagedorn-1012\/<\/a><\/p>\n<table cellspacing=\"2\" cellpadding=\"2\" border=\"0\">\n<tr style=\"background: #ccc;\">\n<td colspan=\"5\"><strong>Spiele<\/strong><\/td>\n<\/tr>\n<tr style=\"background: #eee;\">\n<td>&nbsp;<\/td>\n<td>Programm<\/td>\n<td>Version<\/td>\n<td>Lizenz<\/td>\n<td>Kurzinfo<\/td>\n<\/tr>\n<tr>\n<td><img decoding=\"async\" src=\"\/static\/atari\/3dlab-icon.gif\" width=32 height=32 alt=\"\" border=\"0\"><\/td>\n<td><img decoding=\"async\" src=\"\/static\/triblk08.gif\" width=8 height=8 alt=\"\" border=\"0\">&nbsp;<a href=\"\/?page_id=218\">3D-Labyrinth<\/a><\/td>\n<td>0.1<\/td>\n<td>Freeware&nbsp;<\/td>\n<td>Finde den Ausgang des Labyrinthes<\/td>\n<\/tr>\n<tr>\n<td><img decoding=\"async\" src=\"\/static\/atari\/dwbh-icon.gif\" width=32 height=32 alt=\"\" border=\"0\"><\/td>\n<td><img decoding=\"async\" src=\"\/static\/triblk08.gif\" width=8 height=8 alt=\"\" border=\"0\">&nbsp;<a href=\"\/?page_id=220\">Don&#8217;t worry be happy<\/a><\/td>\n<td>2.0<\/td>\n<td>Freeware&nbsp;<\/td>\n<td>Mensch &auml;rgere Dich nicht<\/td>\n<\/tr>\n<tr>\n<td><img decoding=\"async\" src=\"\/static\/atari\/invers-icon.gif\" width=32 height=32 alt=\"\" border=\"0\"><\/td>\n<td><img decoding=\"async\" src=\"\/static\/triblk08.gif\" width=8 height=8 alt=\"\" border=\"0\">&nbsp;<a href=\"\/?page_id=222\">Invers<\/a><\/td>\n<td>1.0<\/td>\n<td>Freeware&nbsp;<\/td>\n<td>Farbe von Spielsteinen invertieren<\/td>\n<\/tr>\n<tr>\n<td><img decoding=\"async\" src=\"\/static\/atari\/little15-icon.gif\" width=32 height=32 alt=\"\" border=\"0\"><\/td>\n<td><img decoding=\"async\" src=\"\/static\/triblk08.gif\" width=8 height=8 alt=\"\" border=\"0\">&nbsp;<a href=\"\/?page_id=224\">Little15<\/a><\/td>\n<td>2.0<\/td>\n<td>Freeware&nbsp;<\/td>\n<td>15-Steine-Puzzle<\/td>\n<\/tr>\n<tr>\n<td><img decoding=\"async\" src=\"\/static\/atari\/magqua-icon.gif\" width=32 height=32 alt=\"\" border=\"0\"><\/td>\n<td><img decoding=\"async\" src=\"\/static\/triblk08.gif\" width=8 height=8 alt=\"\" border=\"0\">&nbsp;<a href=\"\/?page_id=226\">Magisches Quadrat<\/a><\/td>\n<td>1.0<\/td>\n<td>Freeware&nbsp;<\/td>\n<td>&nbsp;<\/td>\n<\/tr>\n<tr>\n<td><img decoding=\"async\" src=\"\/static\/atari\/moveit-icon.gif\" width=32 height=32 alt=\"\" border=\"0\"><\/td>\n<td><img decoding=\"async\" src=\"\/static\/triblk08.gif\" width=8 height=8 alt=\"\" border=\"0\">&nbsp;<a href=\"\/?page_id=228\">MoveIt<\/a><\/td>\n<td>2.0<\/td>\n<td>Freeware&nbsp;<\/td>\n<td>Sokoban<\/td>\n<\/tr>\n<tr>\n<td><img decoding=\"async\" src=\"\/static\/atari\/misc-icon.gif\" width=32 height=32 alt=\"\" border=\"0\"><\/td>\n<td><img decoding=\"async\" src=\"\/static\/triblk08.gif\" width=8 height=8 alt=\"\" border=\"0\">&nbsp;<a href=\"\/?page_id=230\">Nanjing<\/a><\/td>\n<td>2.0<\/td>\n<td>Freeware&nbsp;<\/td>\n<td>Steine-Farben-Muster-Puzzle<\/td>\n<\/tr>\n<tr>\n<td><img decoding=\"async\" src=\"\/static\/atari\/solitaire-icon.gif\" width=32 height=32 alt=\"\" border=\"0\"><\/td>\n<td><img decoding=\"async\" src=\"\/static\/triblk08.gif\" width=8 height=8 alt=\"\" border=\"0\">&nbsp;<a href=\"\/?page_id=232\">Solitaire<\/a><\/td>\n<td>1.5<\/td>\n<td>Freeware&nbsp;<\/td>\n<td>&nbsp;<\/td>\n<\/tr>\n<tr>\n<td><img decoding=\"async\" src=\"\/static\/atari\/tricky-icon.gif\" width=32 height=32 alt=\"\" border=\"0\"><\/td>\n<td><img decoding=\"async\" src=\"\/static\/triblk08.gif\" width=8 height=8 alt=\"\" border=\"0\">&nbsp;<a href=\"\/?page_id=234\">Tricky<\/a><\/td>\n<td>2.71<\/td>\n<td>Freeware&nbsp;<\/td>\n<td>Kniffel<\/td>\n<\/tr>\n<tr>\n<td><img decoding=\"async\" src=\"\/static\/atari\/vgewinnt-icon.gif\" width=32 height=32 alt=\"\" border=\"0\"><\/td>\n<td><img decoding=\"async\" src=\"\/static\/triblk08.gif\" width=8 height=8 alt=\"\" border=\"0\">&nbsp;<a href=\"\/?page_id=236\">Vier Gewinnt<\/a><\/td>\n<td>1.1<\/td>\n<td>Freeware&nbsp;<\/td>\n<td>&nbsp;<\/td>\n<\/tr>\n<tr style=\"background: #ccc;\">\n<td colspan=\"5\"><strong>Tools<\/strong><\/td>\n<\/tr>\n<tr style=\"background: #eee;\">\n<td>&nbsp;<\/td>\n<td>Programm<\/td>\n<td>Version<\/td>\n<td>Lizenz<\/td>\n<td>Kurzinfo<\/td>\n<\/tr>\n<tr>\n<td><img decoding=\"async\" src=\"\/static\/atari\/misc-icon.gif\" width=32 height=32 alt=\"\" border=\"0\"><\/td>\n<td><img decoding=\"async\" src=\"\/static\/triblk08.gif\" width=8 height=8 alt=\"\" border=\"0\">&nbsp;<a href=\"\/?page_id=238\">MenuInfo<\/a><\/td>\n<td>2.50<\/td>\n<td>Freeware&nbsp;<\/td>\n<td>Uhrzeit und mehr in der Men&uuml;zeile<\/td>\n<\/tr>\n<tr>\n<td><img decoding=\"async\" src=\"\/static\/atari\/stupido-icon.gif\" width=32 height=32 alt=\"\" border=\"0\"><\/td>\n<td><img decoding=\"async\" src=\"\/static\/triblk08.gif\" width=8 height=8 alt=\"\" border=\"0\">&nbsp;<a href=\"\/?page_id=240\">STupido<\/a><\/td>\n<td>0.9<\/td>\n<td>Freeware&nbsp;<\/td>\n<td>Tippen mit zehn Fingern erlernen<\/td>\n<\/tr>\n<\/table>\n","protected":false},"excerpt":{"rendered":"<p>Bei Gelegenheit werde ich an dieser mal ein paar Anekdoten aus meiner Zeit als Atarianer erz\u00e4hlen. Ich denke, da wird sich einiges finden&#8230; Interessanterweise habe ich wohl noch einige Kleinigkeiten fr\u00fcher programmiert und die in der Offline-\u00c4ra vor MausNet und Internet sogar an diverse Magazine geschickt. Hier bei AtariUpToDate werden diese Progr\u00e4mmchen gelistet, an die <a class=\"more-link\" href=\"https:\/\/www.dirk-hagedorn.de\/?page_id=13\">Weiterlesen\u00a0\u2026<\/a><\/p>\n","protected":false},"author":1,"featured_media":0,"parent":4,"menu_order":3,"comment_status":"open","ping_status":"closed","template":"","meta":{"footnotes":""},"class_list":["post-13","page","type-page","status-publish","hentry"],"_links":{"self":[{"href":"https:\/\/www.dirk-hagedorn.de\/index.php?rest_route=\/wp\/v2\/pages\/13","targetHints":{"allow":["GET"]}}],"collection":[{"href":"https:\/\/www.dirk-hagedorn.de\/index.php?rest_route=\/wp\/v2\/pages"}],"about":[{"href":"https:\/\/www.dirk-hagedorn.de\/index.php?rest_route=\/wp\/v2\/types\/page"}],"author":[{"embeddable":true,"href":"https:\/\/www.dirk-hagedorn.de\/index.php?rest_route=\/wp\/v2\/users\/1"}],"replies":[{"embeddable":true,"href":"https:\/\/www.dirk-hagedorn.de\/index.php?rest_route=%2Fwp%2Fv2%2Fcomments&post=13"}],"version-history":[{"count":11,"href":"https:\/\/www.dirk-hagedorn.de\/index.php?rest_route=\/wp\/v2\/pages\/13\/revisions"}],"predecessor-version":[{"id":2163,"href":"https:\/\/www.dirk-hagedorn.de\/index.php?rest_route=\/wp\/v2\/pages\/13\/revisions\/2163"}],"up":[{"embeddable":true,"href":"https:\/\/www.dirk-hagedorn.de\/index.php?rest_route=\/wp\/v2\/pages\/4"}],"wp:attachment":[{"href":"https:\/\/www.dirk-hagedorn.de\/index.php?rest_route=%2Fwp%2Fv2%2Fmedia&parent=13"}],"curies":[{"name":"wp","href":"https:\/\/api.w.org\/{rel}","templated":true}]}}