{"id":122,"date":"2012-03-19T14:36:56","date_gmt":"2012-03-19T14:36:56","guid":{"rendered":"http:\/\/drk.hgdrn.de\/?page_id=122"},"modified":"2020-09-03T17:37:07","modified_gmt":"2020-09-03T15:37:07","slug":"baseconv-palm","status":"publish","type":"page","link":"https:\/\/www.dirk-hagedorn.de\/?page_id=122","title":{"rendered":"BaseConv"},"content":{"rendered":"<p>&nbsp;<\/p>\n<table border=\"0\" cellspacing=\"0\" cellpadding=\"0\">\n<tbody>\n<tr style=\"background: #ccc;\">\n<td><strong>Programm:<\/strong><\/td>\n<td>BaseConv f\u00fcr Palm<\/td>\n<\/tr>\n<tr>\n<td><strong>Version:<\/strong><\/td>\n<td>0.95 beta (11. November 2001)<\/td>\n<\/tr>\n<tr>\n<td><strong>Lizenz:<\/strong><\/td>\n<td>Freeware<\/td>\n<\/tr>\n<tr>\n<td valign=\"top\"><strong>Beschreibung:<\/strong><\/td>\n<td>BaseConv ist ein Tool zur Umrechnung von Zahlen \u00fcber die beim Programmieren \u00fcblichen Zahlenbasen dezimal, oktal, hexadezimal und bin\u00e4r. Eingegebene Werte werden sofort in alle anderen Zahlenbasen umgerechnet und dargestellt. Reicht der Platz zur Darstellung der Bin\u00e4rzahl nicht mehr aus, kann diese in einem Zoom-Dialog dargestellt werden. Copy\/Paste zur Weitergabe der Zahlen an andere bzw. \u00dcbernahme aus anderen Programmen wird unterst\u00fctzt.<\/td>\n<\/tr>\n<tr>\n<td><strong>Sprache:<\/strong><\/td>\n<td>Englisch<\/td>\n<\/tr>\n<tr>\n<td><strong>Download:<\/strong><\/td>\n<td><a title=\"Download\" href=\"\/pub\/palmos\/baseconv-palm-095b.zip\">baseconv-palm-095b.zip<\/a> (8.815 Bytes)<\/td>\n<\/tr>\n<tr>\n<td valign=\"top\"><strong>Bildschirmfotos:<\/strong><\/td>\n<td><img loading=\"lazy\" decoding=\"async\" class=\"alignnone\" src=\"\/static\/palm\/baseconv-095-ani.gif\" alt=\"\" width=\"160\" height=\"160\" \/><\/td>\n<\/tr>\n<tr>\n<td><strong>Hinweis:<\/strong><\/td>\n<td>BaseConv ist unter dem Namen Zahlenkonverter32 auch als Windows-Version verf\u00fcgbar.<\/td>\n<\/tr>\n<tr style=\"background: #ccc;\">\n<td><strong>Historie:<\/strong><\/td>\n<td>&nbsp;<\/td>\n<\/tr>\n<tr>\n<td valign=\"top\">0.95 beta<\/td>\n<td>Einige kleinere Bugfixes<\/td>\n<\/tr>\n<tr>\n<td valign=\"top\">0.93 beta<\/td>\n<td>Erstver\u00f6ffentlichung<\/td>\n<\/tr>\n<\/tbody>\n<\/table>\n","protected":false},"excerpt":{"rendered":"<p>&nbsp; Programm: BaseConv f\u00fcr Palm Version: 0.95 beta (11. November 2001) Lizenz: Freeware Beschreibung: BaseConv ist ein Tool zur Umrechnung von Zahlen \u00fcber die beim Programmieren \u00fcblichen Zahlenbasen dezimal, oktal, hexadezimal und bin\u00e4r. Eingegebene Werte werden sofort in alle anderen Zahlenbasen umgerechnet und dargestellt. Reicht der Platz zur Darstellung der Bin\u00e4rzahl nicht mehr aus, kann <a class=\"more-link\" href=\"https:\/\/www.dirk-hagedorn.de\/?page_id=122\">Weiterlesen\u00a0\u2026<\/a><\/p>\n","protected":false},"author":1,"featured_media":0,"parent":11,"menu_order":40,"comment_status":"open","ping_status":"closed","template":"","meta":{"footnotes":""},"class_list":["post-122","page","type-page","status-publish","hentry"],"_links":{"self":[{"href":"https:\/\/www.dirk-hagedorn.de\/index.php?rest_route=\/wp\/v2\/pages\/122","targetHints":{"allow":["GET"]}}],"collection":[{"href":"https:\/\/www.dirk-hagedorn.de\/index.php?rest_route=\/wp\/v2\/pages"}],"about":[{"href":"https:\/\/www.dirk-hagedorn.de\/index.php?rest_route=\/wp\/v2\/types\/page"}],"author":[{"embeddable":true,"href":"https:\/\/www.dirk-hagedorn.de\/index.php?rest_route=\/wp\/v2\/users\/1"}],"replies":[{"embeddable":true,"href":"https:\/\/www.dirk-hagedorn.de\/index.php?rest_route=%2Fwp%2Fv2%2Fcomments&post=122"}],"version-history":[{"count":8,"href":"https:\/\/www.dirk-hagedorn.de\/index.php?rest_route=\/wp\/v2\/pages\/122\/revisions"}],"predecessor-version":[{"id":1909,"href":"https:\/\/www.dirk-hagedorn.de\/index.php?rest_route=\/wp\/v2\/pages\/122\/revisions\/1909"}],"up":[{"embeddable":true,"href":"https:\/\/www.dirk-hagedorn.de\/index.php?rest_route=\/wp\/v2\/pages\/11"}],"wp:attachment":[{"href":"https:\/\/www.dirk-hagedorn.de\/index.php?rest_route=%2Fwp%2Fv2%2Fmedia&parent=122"}],"curies":[{"name":"wp","href":"https:\/\/api.w.org\/{rel}","templated":true}]}}